ten thousands digit of 76801541?
0
What is the tens digit of 1949431821?
2
What is the ten millions digit of 174152939?
7
What is the millions digit of 87709640?
7
What is the ten thousands digit of 98028884?
2
What is the ten thousands digit of 3861537020?
3
What is the ten millions digit of 68133360?
6
What is the ten millions digit of 220711627?
2
What is the hundreds digit of 450231868?
8
What is the hundreds digit of 1582101881?
8
What is the millions digit of 3118022155?
8
What is the hundred thousands digit of 47009679?
0
What is the ten thousands digit of 3503627282?
2
What is the tens digit of 191194905?
0
What is the hundreds digit of 101807281?
2
What is the hundred millions digit of 1432004126?
4
What is the hundred thousands digit of 11004802?
0
What is the hundreds digit of 27660341?
3
What is the hundreds digit of 606897137?
1
What is the hundreds digit of 147083333?
3
What is the tens digit of 857130720?
2
What is the millions digit of 658037278?
8
What is the hundred thousands digit of 375426336?
4
What is the tens digit of 336924048?
4
What is the thousands digit of 79830513?
0
What is the hundreds digit of 3151693?
6
What is the hundreds digit of 3317635?
6
What is the thousands digit of 69738031?
8
What is the thousands digit of 197610699?
0
What is the hundred millions digit of 515196241?
5
What is the tens digit of 9033288?
8
What is the hundred thousands digit of 119544737?
5
What is the ten thousands digit of 135927141?
2
What is the ten millions digit of 1816333647?
1
What is the hundred millions digit of 482540096?
4
What is the units digit of 19960678?
8
What is the units digit of 1738168629?
9
What is the thousands digit of 1297615815?
5
What is the units digit of 117586128?
8
What is the thousands digit of 5900036853?
6
What is the hundreds digit of 376909122?
1
What is the millions digit of 150538012?
0
What is the hundreds digit of 19938503?
5
What is the millions digit of 188386548?
8
What is the ten millions digit of 47437278?
4
What is the ten thousands digit of 730526307?
2
What is the millions digit of 232848807?
2
What is the hundred millions digit of 1737934473?
7
What is the hundred thousands digit of 1171150352?
1
What is the billions digit of 7057773041?
7
What is the hundreds digit of 3579856401?
4
What is the thousands digit of 54182568?
2
What is the hundred millions digit of 1619425976?
6
What is the millions digit of 65638542?
5
What is the units digit of 3177787525?
5
What is the hundreds digit of 363487522?
5
What is the millions digit of 1465023202?
5
What is the hundred millions digit of 208647531?
2
What is the tens digit of 548749555?
5
What is the tens digit of 10891721?
2
What is the ten millions digit of 986137569?
8
What is the ten thousands digit of 71941910?
4
What is the hundreds digit of 98959249?
2
What is the ten thousands digit of 4946301480?
0
What is the hundred thousands digit of 18065392?
0
What is the tens digit of 560009598?
9
What is the tens digit of 21345585?
8
What is the ten thousands digit of 5739583896?
8
What is the ten millions digit of 75873789?
7
What is the hundred millions digit of 6085615602?
0
What is the hundreds digit of 99258090?
0
What is the millions digit of 8275024?
8
What is the ten thousands digit of 2356146743?
4
What is the millions digit of 1572094074?
2
What is the hundred thousands digit of 701529646?
5
What is the ten thousands digit of 1886475075?
7
What is the ten millions digit of 218028820?
1
What is the hundreds digit of 2152289800?
8
What is the hundred thousands digit of 570559407?
5
What is the hundreds digit of 348835214?
2
What is the billions digit of 1556460955?
1
What is the hundred millions digit of 561477343?
5
What is the thousands digit of 5674456437?
6
What is the hundred millions digit of 2061781351?
0
What is the thousands digit of 987481049?
1
What is the thousands digit of 43090787?
0
What is the hundreds digit of 8400411886?
8
What is the millions digit of 1769321678?
9
What is the millions digit of 54599626?
4
What is the units digit of 31824377?
7
What is the tens digit of 5417724226?
2
What is the thousands digit of 300527422?
7
What is the ten thousands digit of 644532075?
3
What is the millions digit of 1453766991?
3
What is the tens digit of 106069213?
1
What is the thousands digit of 44254829?
4
What is the hundred millions digit of 1815070465?
8
What is the hundreds digit of 240789682?
6
What is the ten thousands digit of 1749221551?
2
What is the hundred millions digit of 877514046?
8
What is the hundred thousands digit of 2369479603?
4
What is the tens digit of 757150044?
4
What is the hundreds digit of 572213923?
9
What is the ten millions digit of 27735011?
2
What is the hundred thousands digit of 5772515419?
5
What is the tens digit of 128357509?
0
What is the hundreds digit of 38428470?
4
What is the ten millions digit of 135500544?
3
What is the units digit of 991999536?
6
What is the units digit of 83168882?
2
What is the units digit of 880873747?
7
What is the ten millions digit of 2596579019?
9
What is the thousands digit of 59574661?
4
What is the millions digit of 6667136661?
7
What is the thousands digit of 869106230?
6
What is the hundreds digit of 337925702?
7
What is the millions digit of 39039959?
9
What is the ten millions digit of 55370563?
5
What is the hundred millions digit of 139223419?
1
What is the thousands digit of 61343655?
3
What is the ten millions digit of 1229892045?
2
What is the hundred thousands digit of 273416389?
4
What is the hundred thousands digit of 72337298?
3
What is the units digit of 38640329?
9
What is the ten thousands digit of 335755023?
5
What is the hundreds digit of 1713632943?
9
What is the millions digit of 18810285?
8
What is the ten millions digit of 687376232?
8
What is the units digit of 1371562518?
8
What is the hundred thousands digit of 17921673?
9
What is the tens digit of 4411668?
6
What is the tens digit of 126933698?
9
What is the ten millions digit of 365472629?
6
What is the units digit of 146406506?
6
What is the ten thousands digit of 13613362?
1
What is the units digit of 5845573936?
6
What is the ten millions digit of 2210361111?
1
What is the hundreds digit of 6954273238?
2
What is the thousands digit of 290043610?
3
What is the ten millions digit of 156869050?
5
What is the ten millions digit of 88998344?
8
What is the hundred thousands digit of 8458348?
4
What is the ten millions digit of 67440047?
6
What is the ten millions digit of 60620830?
6
What is the billions digit of 2815323808?
2
What is the thousands digit of 55620678?
0
What is the units digit of 1378198068?
8
What is the units digit of 1904208396?
6
What is the hundreds digit of 182199450?
4
What is the tens digit of 86001422?
2
What is the ten millions digit of 110102591?
1
What is the hundred thousands digit of 538022076?
0
What is the units digit of 4253703824?
4
What is the millions digit of 567314642?
7
What is the ten millions digit of 180221544?
8
What is the billions digit of 4317389533?
4
What is the ten millions digit of 53697259?
5
What is the thousands digit of 7143081?
3
What is the millions digit of 43775380?
3
What is the ten millions digit of 2516169080?
1
What is the hundred thousands digit of 52505029?
5
What is the millions digit of 256468446?
6
What is the millions digit of 129930950?
9
What is the millions digit of 5628052?
5
What is the millions digit of 1508997038?
8
What is the hundred thousands digit of 1840136270?
1
What is the ten millions digit of 612398770?
1
What is the ten millions digit of 116344261?
1
What is the hundred thousands digit of 4524537?
5
What is the millions digit of 207350711?
7
What is the ten millions digit of 72899047?
7
What is the tens digit of 232364976?
7
What is the millions digit of 78840643?
8
What is the units digit of 591364122?
2
What is the hundred thousands digit of 147416054?
4
What is the millions digit of 81874929?
1
What is the tens digit of 1449949649?
4
What is the units digit of 94977136?
6
What is the units digit of 8631933?
3
What is the units digit of 6621596501?
1
What is the hundred millions digit of 121213504?
1
What is the millions digit of 3348535901?
8
What is the thousands digit of 2000062865?
2
What